= -4 + y. What is the remainder when (-24)/(-3)*(-2)/s is divided by 3?
1
Suppose 4*a + 35 = 11. Let g = a + 3. Calculate the remainder when 37 is divided by (-41)/g - 4/6.
11
Let f be -2 - (60/4)/(-3). What is the remainder when (-1)/((-3)/60) + f is divided by 6?
5
Calculate the remainder when 147 is divided by (-1440)/(-64)*4/3.
27
Suppose 16 = o + q, 45 = 4*o + 5*q - 16. What is the remainder when 72 is divided by o?
15
Suppose 0 = 4*v - 0*v - 28. Calculate the remainder when v is divided by 3.
1
Let z(i) = i**2 + i. Let m(o) = 6*o**3 - 3*o**2 - 4*o - 1. Let l(h) = -m(h) - 3*z(h). Calculate the remainder when 16 is divided by l(-1).
4
Let w(f) = f**3 - 5*f**2 - 5*f - 2. Let a be w(6). Suppose 0 = -2*d - i + 27, a*d - 2*i - 54 = -d. What is the remainder when 34 is divided by d?
10
Let n = 66 + -36. Let z = 24 - 35. Let j = 27 + z. Calculate the remainder when n is divided by j.
14
Let g(c) = -9*c**2 - 2*c + 3. Let z be g(2). Let h = z + 60. Calculate the remainder when 66 is divided by h.
20
Suppose 4*m - 2*h = 2*m - 22, 2*m + h = -13. What is the remainder when (-159)/(-4) - 2/m is divided by 14?
12
Suppose -2*w = -5*w - 12. Let o = w + -2. Let s(a) = a**2 + 5*a - 1. Calculate the remainder when s(o) is divided by 3.
2
Let l(t) = t**2 + 6*t + 6. Let c be l(-6). Suppose z = 16 - c. Let k(v) = -11*v - 4. What is the remainder when k(-3) is divided by z?
9
Let k(a) = -11*a + 9. Let c(x) = -11*x + 8. Let v(l) = 6*c(l) - 5*k(l). What is the remainder when v(-6) is divided by 18?
15
Suppose x + 5*c = 27, -x + 6*c = 2*c. What is the remainder when 22 + 1 - (1 + 0) is divided by x?
10
Let j(l) = -l**2 + 3*l + 5. Let a be j(4). What is the remainder when a/(-2) - (-252)/8 is divided by 11?
9
Let c = 136 + -134. Calculate the remainder when -1*(-1 + 0 + -2) is divided by c.
1
Let q(d) = -d**3 + 6*d**2 + 2*d - 1. Let b(o) = -o + 11. Calculate the remainder when b(-20) is divided by q(6).
9
Let l = 399 + -210. Calculate the remainder when l is divided by 48.
45
Let l(r) = -r**2 - 7*r - 7. Calculate the remainder when 13 is divided by l(-3).
3
Suppose -4*r + 20 = r. Suppose -22 = 5*j - 7. Let x(s) = -s**3 - s**2 + 4*s. Calculate the remainder when x(j) is divided by r.
2
Let x(k) = -3*k**3 - 2*k**2 + 2*k + 1. What is the remainder when x(-3) is divided by 12?
10
Suppose 4*r - 787 = -5*i - 0*r, -i - 3*r = -153. What is the remainder when i is divided by 32?
31
Let j = 43 - 29. Calculate the remainder when 55 is divided by j.
13
Suppose 0 = -5*j - 5, 5*b - 3*b - 5*j - 15 = 0. Suppose 6 = -b*z + 21. Calculate the remainder when 6 is divided by z.
0
Let n(l) be the third derivative of 1/60*l**5 - 1/6*l**3 - l**2 - 1/24*l**4 + 0 - 13/120*l**6 + 0*l. What is the remainder when n(-1) is divided by 5?
4
Suppose -2*w = -w + 16. Let c = w + 38. Let i(y) = 3*y - 6. Calculate the remainder when c is divided by i(6).
10
What is the remainder when 32 is divided by (2/4)/(5/70)?
4
Let n be -2*(-10)/4 + 3. Suppose -3*v = -5*v + n. Calculate the remainder when 15 is divided by v.
3
Suppose q - 72 = -2*r, r - 3*q - 43 = -7*q. What is the remainder when 68 is divided by r?
33
Suppose 3*o + 6 = 39. Suppose 0 = 4*f - a - 128, 2*f - 7*f + 139 = 4*a. What is the remainder when f is divided by o?
9
Suppose -c - 48 = -4*c. Calculate the remainder when (4/(-6))/(4/(-282)) is divided by c.
15
Suppose -4*x = -2*x - 8. Suppose 0 = z + x*k - 3*k - 9, -4*z + 56 = -k. What is the remainder when 38 is divided by z?
12
Suppose 3*i = -3*x + 24, 5*i = 5*x - 0*x + 60. Let j(r) = r**3 + 3*r + 2 + 0*r**2 + 2 - 5*r**2. Calculate the remainder when j(5) is divided by i.
9
Calculate the remainder when 35 + (4 + -2 - 3) is divided by 9.
7
Let o be (29/1)/(6/(-6)). Let f = -19 - o. Calculate the remainder when 39 is divided by f.
9
Suppose x + c = 45 - 6, -2*x - 3*c + 83 = 0. Let g = x - 14. What is the remainder when 39 is divided by g?
19
Let z = 137 - 77. Calculate the remainder when 8/z - (-1498)/15 is divided by 17.
15
Let v = 17 + -8. Calculate the remainder when (1 - -2)/(1/11) is divided by v.
6
Suppose 2*s = 4*s - 70. Suppose -66 = 3*z - 8*z + 3*d, -2*z = 3*d - 18. Calculate the remainder when s is divided by z.
11
Let p = 19 - -6. Suppose -8 = 2*a, -4*a = -2*o + 6*o + 24. What is the remainder when p is divided by o/4 - (-54)/4?
12
Let l = 46 - 30. What is the remainder when 46 is divided by l?
14
Suppose f - 8 = 6*d - 3*d, -4*d + 59 = 5*f. Suppose -94 = 2*z - 3*q, 0*q + 4*q + 122 = -2*z. Let s = 85 + z. Calculate the remainder when s is divided by f.
10
Suppose -16 = -4*p - 2*f, 4 = 4*p - f - 6. Calculate the remainder when 14 is divided by p*3/(36/20).
4
Let y(l) = 7*l**3 + l**2 - l + 1. Calculate the remainder when y(1) is divided by -5*(2 - 9/3).
3
Let d be (-184)/(-56) - (-4)/(-14). What is the remainder when 99 is divided by (75/6)/(d/6)?
24
Suppose -5 = 5*p, -j + 0*j + p = -54. Suppose -d - 3 = 0, 5*t - 2*d = -d + j. What is the remainder when 37 is divided by t?
7
Let v(o) = -7*o**3 + o - 2. Let m be v(-2). Suppose -7*q + m = -3*q. What is the remainder when q is divided by 5?
3
Let b(l) = -l**3 + 8*l**2. Let y be b(8). Suppose y = -3*g + 1 + 2. What is the remainder when (g - 3) + (-2 - -26) is divided by 8?
6
Suppose 4*a = -3*x + 6*a + 2, -2*a + 10 = 0. Calculate the remainder when 17 is divided by x/18 - 237/(-27).
8
Suppose 0 = -m - 2*m + 39. What is the remainder when 24 is divided by m?
11
Let p be (20/(-16))/(1/(-36)). Suppose 4*c = -2*t + 50, -12 = -4*c + 5*t + p. Calculate the remainder when c is divided by 5.
3
Let q = 14 - 22. Let s(z) = z**3 + 8*z**2 - 2*z + 2. Calculate the remainder when 34 is divided by s(q).
16
Suppose 3*g = -11*b + 6*b + 13, 2*b = -g + 6. Let c(z) = 4*z - 7. What is the remainder when 37 is divided by c(b)?
11
Suppose 5*o - 535 = 5*h - 4*h, 2*o - 5*h - 214 = 0. Let k = o - 49. What is the remainder when k is divided by 20?
18
Suppose -r + 2*m = -8, 4*r + 2*m - 12 = -0*r. Suppose 2*n - 66 = -3*n - r*f, 33 = 2*n - 5*f. Let g = -44 + 85. What is the remainder when g is divided by n?
13
Let w = 30 - 18. Calculate the remainder when 41 is divided by w.
5
Suppose 0 = -3*t - t + 24. Calculate the remainder when 10 is divided by t.
4
Suppose -g - 4 = 0, 74 = 5*f + 3*g + 1. Calculate the remainder when 115 is divided by f.
13
Suppose -z + 108 = -5*u, -z + 0*z = -3*u - 108. What is the remainder when z is divided by 5?
3
Suppose 0*q - 3*q + 21 = 0. Suppose 60 = q*t - 3*t. Suppose g - 2 = -0*g, -k - 2*g + t = 0. Calculate the remainder when 19 is divided by k.
8
Suppose 4*f = 12 + 72. Let g = -9 + f. Suppose -3*w - b = -102, -143 + 2 = -4*w - 3*b. Calculate the remainder when w is divided by g.
9
Let p(o) = -2*o + 3. Let z be p(2). Calculate the remainder when 70 is divided by -1 + (-1)/z*19.
16
Suppose 2*z + k = 5, -3*z + 0*k + 9 = 3*k. Let d be (-1)/(-2*z/16). Suppose 3*f + d*b - 2 = 41, -2*f + 38 = -2*b. What is the remainder when 33 is divided by f?
16
Let v = 118 + -51. Calculate the remainder when v is divided by 23.
21
Suppose 0 = 5*t - t. Suppose 141 = z + z + g, t = -5*z - g + 360. Calculate the remainder when z is divided by 25.
23
Let y = 85 + -54. Let k(n) = n**2 + 8*n + 3. Let q be k(-8). Let w(v) = 4*v - 1. Calculate the remainder when y is divided by w(q).
9
Let d(n) = -n + 1. Let p be d(-1). Suppose 6 = y + p*y. Calculate the remainder when 5 is divided by y.
1
Suppose 0 = 4*y - 9 + 5. What is the remainder when y is divided by 1?
0
Suppose -29*x = -25*x - 292. What is the remainder when x is divided by 19?
16
Calculate the remainder when 38 is divided by (-2)/(-3) - (-232)/12.
18
Let j be 2/4 - (-2)/(-4). Suppose 5 = z - j*z. Suppose -2*y = -z*x - 38, 2*y + 3*y + 3*x = 95. What is the remainder when y is divided by 7?
5
Let l(f) = -f**3 + 8*f**2 - 4*f - 1. Suppose 0 = 2*u + t - 9, t = 2*u - 7 - 12. Suppose 5*s = 3*s + 116. Calculate the remainder when s is divided by l(u).
18
Let o(t) = t**2 - 10*t + 13. Let g be o(9). Suppose 4*i + 3*d - 23 = 0, -g*i + 4*d - 12 = -7*i. What is the remainder when 22 is divided by i?
6
Suppose 2*m + 2*l - 52 = 0, -2*m - 3*l = -0*m - 55. Suppose -16 = -33*b + 29*b. What is the remainder when m is divided by b?
3
Calculate the remainder when (-7 + 43)*18/8 is divided by 28.
25
Let w(y) = 12*y**2 + 3*y 